Let k(r) = -2*r**2 - 8*r + 10. What is k(-9)?
-80
Let s(k) = -4*k + 61. What is s(17)?
-7
Let j(t) = -2*t - 3. Calculate j(2).
-7
Let p(g) = 4*g - 170. Give p(31).
-46
Let o(d) = -20*d + 11. Give o(4).
-69
Let d(m) = -3*m - 36. Calculate d(-6).
-18
Let m(j) = -j**2 + j + 36. What is m(0)?
36
Let u(h) = h**3 + 16*h**2 + 16*h + 9. What is u(-15)?
-6
Let p(d) = -d**3 - 15*d**2 - 27*d - 14. Calculate p(-13).
-1
Let r(v) = -20*v**2. Give r(1).
-20
Let r(u) = 4*u**2 - 8*u + 15. Calculate r(3).
27
Let t(j) = -j**2 - 20*j - 4. Calculate t(-15).
71
Let p(i) = 4*i**2 + 16*i + 1. Calculate p(-4).
1
Let r(c) = -5*c**3 + c + 1. Determine r(-1).
5
Let l(u) = 39*u**3 - 3*u**2 + 2*u + 2. Give l(-1).
-42
Let l(i) = -246*i + 1241. What is l(5)?
11
Let o(v) = -v**2 - 9*v + 34. Determine o(-11).
12
Let x(b) = 3*b**2 + 4*b - 40. Calculate x(4).
24
Let u(y) = y**3 + 19*y**2 - 18*y + 66. Determine u(-20).
26
Let f(h) = -h**2 + 3*h - 5. Give f(7).
-33
Let w(u) = u**2 - 44. Determine w(-7).
5
Let c(r) = -6*r - 179. What is c(-28)?
-11
Let q(z) = 2*z - 1. What is q(4)?
7
Let m(n) = n**2 + 3*n - 3. Calculate m(-9).
51
Let k(p) = p - 7. Determine k(0).
-7
Let i(d) = -3*d**2 + 2*d + 3. What is i(-1)?
-2
Let r(s) = -s**2 + 11*s + 2. Calculate r(11).
2
Let u(j) = 56*j + 901. Calculate u(-16).
5
Let u(j) = -j**2 + 4*j - 4. Calculate u(6).
-16
Let g(d) = d**2 + 38*d + 184. Give g(-6).
-8
Let m(i) = -i**3 - 28*i**2 + 2*i + 65. Determine m(-28).
9
Let b(g) = 6*g - 18. What is b(-8)?
-66
Let u(f) = -4*f + 17. Give u(3).
5
Let h(d) = -d**3 - 10*d**2 - 2*d + 3. What is h(-10)?
23
Let u(w) = 2*w - 20. Give u(11).
2
Let x(y) = -y**3 - 9*y**2 + 2*y + 20. Calculate x(-9).
2
Let x(p) = 22*p - 290. Give x(13).
-4
Let t(w) = w**2 - 23*w - 31. Determine t(20).
-91
Let i(q) = q**3 - 4*q**2. Calculate i(6).
72
Let d(a) = 33*a**3 + 3*a + 2. Give d(-1).
-34
Let n(q) = 2*q - 2. Calculate n(2).
2
Let k(d) = d**3 - 5*d**2 - 5*d - 15. Determine k(6).
-9
Let o(f) = -f + 17. Determine o(13).
4
Let c(i) = -2*i**3 + 15*i - 7. Calculate c(0).
-7
Let l(h) = h**3 + 8*h**2 + 11*h + 9. Determine l(-7).
-19
Let s(b) = 16*b - 15. Determine s(-2).
-47
Let a(p) = p**3 + 50*p**2 - 56*p - 242. Give a(-51).
13
Let k(h) = h**2 - h - 5. Determine k(-3).
7
Let l(q) = q**2 - 2*q - 1. Determine l(0).
-1
Let r(c) = -c**3 + 12*c**2 - 7*c - 33. Calculate r(11).
11
Let w(k) = k**3 - 2*k**2 - 9*k + 5. Calculate w(4).
1
Let o(u) = -u**2 - 26*u + 83. Determine o(-29).
-4
Let w(s) = 30*s**2 + s + 1. Give w(-1).
30
Let l(n) = -6*n**2 + n + 3. Determine l(-2).
-23
Let j(x) = -177*x - 3. What is j(1)?
-180
Let s(c) = -c**3 + 7*c**2 + 25*c - 62. What is s(9)?
1
Let h(q) = q - 16. Determine h(-6).
-22
Let f(u) = -9*u**2 - u. Calculate f(1).
-10
Let p(h) = h - 2. Calculate p(1).
-1
Let s(a) = -5*a - 46. Give s(-10).
4
Let s(r) = -r - 3. Determine s(-2).
-1
Let m(w) = w**2 + 46*w - 154. Determine m(-50).
46
Let d(j) = -j**3 - 2*j**2 - 3*j + 2. Give d(-3).
20
Let j(a) = -57*a - 345. Give j(-6).
-3
Let v(w) = -w**3 - w**2 - w - 6. Calculate v(0).
-6
Let d(z) = -23*z + 126. Calculate d(4).
34
Let o(w) = w**2 + 18*w - 139. Give o(-24).
5
Let h(f) = 2*f**3 - f + 9. Calculate h(3).
60
Let a(x) = -x**2 - 2*x + 8. Determine a(3).
-7
Let p(s) = -s**3 + 14*s**2 + 10*s + 70. Give p(15).
-5
Let p(l) = -l - 4. Give p(-4).
0
Let y(b) = -b**3 - 12*b**2 - 14*b - 14. Give y(-11).
19
Let l(v) = -4*v + 8. Give l(3).
-4
Let i(q) = -q - 19. Calculate i(6).
-25
Let l(q) = -2*q**2 + 19*q - 7. What is l(7)?
28
Let w(t) = -t**2 - 2*t - 21. Calculate w(0).
-21
Let m(h) = 2*h**2 + 12*h + 2. Calculate m(-6).
2
Let s(l) = 2*l**2 + 13*l + 12. Calculate s(-8).
36
Let q(u) = u**3 - 33*u**2 - 36*u + 76. Determine q(34).
8
Let v(r) = -56*r**3 + 3*r + 2. What is v(-1)?
55
Let x(l) = -l**3 - 8*l**2 + 2*l + 12. Calculate x(-8).
-4
Let a(j) = 11*j**2 - 2*j - 1. Determine a(-2).
47
Let l(q) = 7*q - 61. Give l(11).
16
Let d(i) = -2*i - 9. Determine d(7).
-23
Let v(y) = -13*y - 70. Give v(-7).
21
Let q(m) = -m**3 - 8*m**2 + 9*m + 14. Determine q(-9).
14
Let r(m) = 6*m + 15. Determine r(-2).
3
Let i(l) = l**3 - 11*l**2 + 16*l + 10. What is i(9)?
-8
Let s(x) = -x**3 - 5*x**2 + 3*x - 6. Calculate s(-6).
12
Let f(c) = c**2 + 7*c - 27. Calculate f(-14).
71
Let m(n) = -n**2 - 7*n + 13. Give m(-9).
-5
Let n(l) = 2*l - 8. Give n(6).
4
Let c(j) = -3*j - 26. What is c(-3)?
-17
Let s(i) = 10*i - 4. Give s(-6).
-64
Let b(r) = -8*r + 196. Determine b(25).
-4
Let t(y) = -4*y + 9. Determine t(4).
-7
Let z(o) = -2*o**3 - 30*o**2 + o + 24. Determine z(-15).
9
Let y(m) = -2*m**2 - 5*m - 2. Determine y(-4).
-14
Let j(s) = s - 8. Calculate j(6).
-2
Let b(g) = g**2 + 2*g - 119. What is b(-12)?
1
Let n(k) = -k**2 + 10*k + 10. Determine n(11).
-1
Let j(h) = -h**3 + 7*h**2 + 3*h + 11. What is j(7)?
32
Let p(y) = -2*y**3 + y**2 + 5*y + 1. Give p(-3).
49
Let t(u) = 4*u**2 + 257*u - 203. Determine t(-65).
-8
Let j(q) = -q**3 + 15*q**2 + 12*q + 46. What is j(16)?
-18
Let q(h) = 21*h**2 + 105*h + 1. What is q(-5)?
1
Let c(x) = -6*x - 255. What is c(-42)?
-3
Let j(b) = -2*b**2 - 1. What is j(-2)?
-9
Let i(j) = -j**2 - 7*j - 4. Calculate i(-4).
8
Let c(i) = 18*i + 16. Give c(-2).
-20
Let p(t) = t - 11. Determine p(-5).
-16
Let i(j) = -j**2 + 4*j. Give i(-4).
-32
Let m(p) = -p**3 - 4*p**2 + 7*p + 6. What is m(-4)?
-22
Let h(i) = 2*i**2 + 18*i - 1. What is h(-9)?
-1
Let m(n) = 26*n**3 - n**2 + n + 1. Calculate m(1).
27
Let o(i) = -2*i**2 - 13*i - 34. Give o(-8).
-58
Let q(v) = -v**2 - 5*v + 34. Determine q(-5).
34
Let y(f) = f**2 + 8*f + 1. Calculate y(-7).
-6
Let l(a) = a**3 + a**2 - 11*a - 17. Determine l(-4).
-21
Let d(x) = -x**3 - 13*x**2 + 49*x - 3. Calculate d(3).
0
Let o(m) = -5*m**3 + 2*m**2 + 4*m + 3. Calculate o(-2).
43
Let b(p) = p**2 - 32*p + 18. Determine b(33).
51
Let u(f) = f**2 - f + 53. Calculate u(0).
53
Let m(g) = g**2 + 13*g - 45. What is m(-16)?
3
Let s(n) = -n**2 - 2*n - 76. Calculate s(0).
-76
Let f(l) = l**3 + 18*l**2 + 18*l + 3. Give f(-17).
-14
Let c(a) = -2*a - 77. Give c(-18).
-41
Let j(p) = 13*p + 410. What is j(-32)?
-6
Let s(z) = z**2 - 16*z - 39. Give s(20).
41
Let f(z) = 27*z**3 - z**2 + z + 1. Determine f(-1).
-28
Let i(t) = -2*t**2 - 7*t - 5. Determine i(-6).
-35
Let j(c) = -c**3 - 3*c**2 + 17*c + 4. What is j(-6)?
10
Let r(n) = 3*n**2 + n. Calculate r(1).
4
Let z(v) = 66*v**2 + 5*v + 4. What is z(-1)?
65
Let k(a) = 11*a**2 + 2*a + 1. Calculate k(2).
49
Let l(c) = -c**2 - 5*c + 9. Determine l(6).
-57
Let a(g) = -2*g - 8. Calculate a(-12).
16
Let c(t) = 19*t - 179. Determine c(9).
-8
Let g(o) = o - 5. Determine g(4).
-1
Let s(f) = f**3 + 12*f**2 + 12*f + 2. Calculate s(-11).
-9
Let r(b) = b - 29. Calculate r(-14).
-43
Let r(b) = 31*b + 2. Calculate r(1).
33
Let r(j) = -j**2 + 14*j - 45. Determine r(11).
-12
Let m(b) = -10*b + 21. Calculate m(6).
-39
Let b(k) = 11*k + 8. What is b(5)?
63
Let n(r) = 2*r**2 - 9. Give n(-4).
23
Let y(h) = -18*h - 487. Calculate y(-27).
-1
Let t(w) = 120*w**3 - 2*w**2 + 3*w - 2. What is t(1)?
119
Let u(m) = -m**3 + 43*m**2 + 2*m - 87. Give u(43).
-1
Let o(s) = -s**3 + 3*s**2 - 2*s + 9. Calculate o(4).
-15
Let w(x) = x + 22. Determine w(-22).
0
Let u(c) = -2*c**3 - 5*c**2 + 16*c + 46. Calculate u(-3).
7
Let m(g) = 20*g + 2. What is m(-2)?
-38
Let x(h) = -h**2 + 3*h - 3. Give x(4).
-7
Let o(f) = f**3 - 2*f + 2. Determine o(2).
6
Let j(u) = u + 36. Calculate j(-27).
9
Let k(l) = -l**2 + 5*l + 56. Determine k(13).
-48
Let a(d) = -d**2 + 6*d + 3. What is a(6)?
3
Let d(z) = z**2 - 7. Calculate d(3).
2
Let k(x) = -x**3 - x**2 + 50*x + 2. Calculate k(0).
2
Let p(a) = -3*a**2 + 13*a - 5. What is p(6)?
-35
Let f(o) = -o**3 + 7*o**2 - 8*o + 5. What is f(6)?
-7
Let w(m) = m**2 + 11*m + 27. Determine w(-8).
3
Let c(r) = -r**3 - 2*r**2 + 8*r + 11. Calculate c(-4).
11
Let v(k) = k**2 - 9*k + 3. Give v(9).
3
Let g(o) = 3*o + 40. Calculate g(-8).
16
Let b(q) = 2*q + 3. Calculate b(-7).
-11
Let k(j) = -9*j**2 + 3*j - 2. Calculate k(1).
-8
Let p(l) = l**2 + 8*l + 17. What is p(-2)?
5
Let x(i) = 6*i**3 - i**2 + 4*i - 3. Calculate x(2).
49
Let j(s) = 3*s**2 + 52*s - 36. Determine j(-18).
0
Let h(s) = -s**3 - 3*s**2 + 19*s. Calculate h(-6).
-6
Let o(z) = 15*z + 5. What is o(0)?
5
Let q(s) = s**2 - 17*s + 45. Calculate q(12).
-15
Let b(l) = 61*l + 856. What is